 p, 4*p = 4*h + 132. Let l be (-8)/(-14) - 2000/(-175). What is the remainder when p is divided by -3 - (8/(-6) - 140/l)?
5
Calculate the remainder when (3/(-7))/(81/27) - (-7660)/14 is divided by 44.
19
Let d = -18 - -93. Suppose d = 5*k + f, -5*f + 53 = -0*k + 2*k. Calculate the remainder when 50 is divided by k.
8
Suppose 25*p - 709 = 44 + 1047. What is the remainder when 286 is divided by p?
70
What is the remainder when 1437 is divided by (33 + -31)*38/4?
12
Let q(b) = -b**3 - 7*b**2 + 42*b - 9. Calculate the remainder when 3376 is divided by q(-11).
9
Suppose -105*i - 225 = -120*i. Calculate the remainder when 1409 is divided by i.
14
Suppose -82*s = 111*s + 6759 - 24515. What is the remainder when s is divided by 2 + -2 - (-35 - 1)?
20
Let k = 11842 - 11731. What is the remainder when k is divided by 60?
51
Suppose -7653 = -8*z + 6155. Suppose -g = -4*c - 414, -z = -4*g - 21*c + 23*c. What is the remainder when g is divided by 23?
20
Suppose 5*i - 80 = 5*o, 5*i - 40 = -2*o - o. Let v = i + 31. Suppose -3*u + 5*u - 244 = -3*f, 5*u - 621 = -2*f. Calculate the remainder when u is divided by v.
41
Suppose 0 = 2*g + g - 84. Calculate the remainder when (-3)/(-24) - (14223/(-24))/11 is divided by g.
26
Suppose -71*m - 3440 = -79*m. What is the remainder when m is divided by 162?
106
Suppose -3*m - 11 = 2*q - 17, -m - 4*q + 2 = 0. Let p(v) = -53*v + 186. Calculate the remainder when p(m) is divided by 7.
3
Let v be (-1 + 2)*(72 - -1). Let g = 115 - v. Calculate the remainder when g is divided by 6.
0
Suppose -3*a + 2*v = -a - 200, 3*v - 468 = -5*a. Let d = -85 + a. Suppose 2*w - 195 = -3*w. Calculate the remainder when w is divided by d.
6
Let o = 43 - 29. Let r(v) = 2*v - 4*v + 10 + 7*v + 0. What is the remainder when r(9) is divided by o?
13
Let y be (32 - 1)*248/8. Suppose 0 = -6*s + 119 + y. Let n = -128 + s. What is the remainder when n is divided by 6?
4
Let g = -3515 + 3680. Let f(t) = 44*t - 4. Calculate the remainder when g is divided by f(2).
81
Let w(q) = q**3 + 16*q**2 + 17*q + 36. Let y be w(-15). Suppose -y*z + 10*z = 268. Calculate the remainder when z is divided by 17.
16
Calculate the remainder when 241 is divided by (14/4 - 4)/((-28)/728).
7
Let o = -7718 + 7941. Suppose 0 = -i - i + 24. Let q = i - -33. Calculate the remainder when o is divided by q.
43
Suppose 0*k = -50*k + 6150. Suppose 3*b + 128 = 4*h - b, 4*h - 130 = 3*b. What is the remainder when k is divided by h?
21
Let d be 3/(-30) + 259/(-10). Suppose 0 = 5*r - 95 - 40. Calculate the remainder when 845/d*(-48)/20 is divided by r.
24
Suppose 4*p + 8*a = -12*a + 17*a + 4180, -5*a = 0. What is the remainder when p is divided by 111?
46
Let j be -10*(819/(-26) - (5 - 0)). Suppose 2*q - 37 = j. Calculate the remainder when q is divided by 17.
14
Let h(n) = n + 8*n - 8*n + 153 + 4*n. Calculate the remainder when h(-21) is divided by 10.
8
Let s(k) = 133*k**2 - 54*k + 2. What is the remainder when s(2) is divided by 176?
74
Suppose -3*l + 2*b + 661 = 0, -5*l - 10*b + 6*b = -1109. Calculate the remainder when l is divided by 45.
41
Suppose 45 = 2*f + f. Suppose 30 + 42 = -12*x. Calculate the remainder when (x/9)/((-16)/(-72)) - -90 is divided by f.
12
Let s = 499 - 386. Suppose 2*m - 2*c - 143 = s, -5*m + 3*c + 640 = 0. Calculate the remainder when m is divided by 24.
8
Suppose 5*u + 4152 = 3*z, 45*z + 3*u - 2730 = 43*z. What is the remainder when z is divided by 29?
11
Let y(a) = 4*a**2 - 478*a - 963. Let m = 80 - -11. What is the remainder when m is divided by y(-2)?
1
Let c(b) = -b**3 - 7*b**2 + 35*b - 93. Calculate the remainder when 2950 is divided by c(-11).
4
Suppose -10 = -2*y, 0*m - 4*m - 5*y = -97. Suppose -47 = 2*f - 59. What is the remainder when 9*(-15)/18*(-52)/f is divided by m?
11
Let v = 1 + 2. Let d = -11637 - -11652. Calculate the remainder when d is divided by v.
0
Suppose 4*y - 608 = b, y - 2*b + 4*b = 152. Calculate the remainder when y is divided by (-132)/(-220) - (-57)/5.
8
Suppose 5*c = -5*n, -5*n + 10 = 3*c - 0*c. Calculate the remainder when 37 is divided by n.
2
Suppose 0 = 7*s - 1916 - 1556. Suppose -498*t + 90 = -s*t. Calculate the remainder when t is divided by 7.
3
Let i = 28962 - 27875. What is the remainder when i is divided by 15?
7
Suppose -54*u + 10*u + 14168 = 0. Calculate the remainder when u is divided by 93.
43
Suppose -233580 = -91*i + 160452 + 120573. What is the remainder when i is divided by 101?
100
Suppose -7*g = -3*g - 12. Let r be (153/6)/3 - g/(-2). Suppose -5*v = -r*v + 440. Calculate the remainder when v is divided by 19.
12
Let d be -6*3/(-30)*10. Let o(z) be the third derivative of z**5/20 - 5*z**4/8 + z**3/3 + 13*z**2. Calculate the remainder when 77 is divided by o(d).
17
Let h(b) = b**3 + 9*b**2 - 11*b - 5. Let l be h(-10). Suppose 0 = 3*y - 0*y + 3*p - 42, -38 = -l*y + 3*p. Calculate the remainder when 29 is divided by y.
9
Suppose 31*h - 4044 = 20420 + 3095. Calculate the remainder when h is divided by 242.
163
Let x(u) = -2*u**3 - 31*u**2 - 7*u + 12. Let s be x(-17). Let g = s + -696. What is the remainder when g is divided by 38?
36
Suppose -3*o + 18 = 0, q + 712*o - 1196 = 708*o. What is the remainder when q is divided by 56?
52
Let d be (-13034)/(-105) + (-4)/30. Let n be 2 - d/(-4 + 0). Suppose n = c - g, 4*c - g - g = 124. What is the remainder when c is divided by 10?
9
Let r be (-7 + 80/8)*32/6. Suppose -5*s = -2*n + 211, 6 = -2*s + r. What is the remainder when n is divided by 20?
18
Suppose -6*l - 18 = 3*y - 33, -4*y + 2*l = -70. What is the remainder when 1876 is divided by y?
1
Calculate the remainder when 815 is divided by (2/(-9) - (-2520)/(-567))/(4/(-18)).
17
Let d(b) = 2*b**2 - 2*b - 2. Let u be d(2). Suppose t + 3*z + 8 = 0, -u*t - 3*z = 5 + 5. Calculate the remainder when (t/1 + 148)*5/10 is divided by 20.
13
Let i be ((-32)/(-26))/(86/1118). Let o(q) = -q + 1. Let c(w) = 2*w + 33. Let n(b) = -c(b) - 5*o(b). What is the remainder when 59 is divided by n(i)?
9
Suppose v + 587 = 3*x, -x + 3*v + 193 = 2*v. Suppose 0 = 4*h + x - 277. What is the remainder when 134 is divided by h?
14
Suppose 5*m - 3 = -2*d, 3*m - 5 + 8 = 0. Suppose -2*r + 2 = -d*y, -r + 2*y + 3 = y. What is the remainder when 18 is divided by r?
3
What is the remainder when 32997 is divided by 1/(110/21970) - ((-30)/22)/5?
197
Let c(v) = 5*v**2 + 11*v - 11. Let t(f) = f**3 - f**2 - 5*f**2 + 65 - 64 + 5*f + 2*f. Let z be t(3). Calculate the remainder when c(z) is divided by 20.
19
Let i(g) = g**3 - 40*g**2 + 107*g + 264. Calculate the remainder when 1383 is divided by i(37).
107
Let x(k) = k**3 - 3*k**2 + 6*k - 3. Let p be x(2). Suppose 2*g - 7 + p = 0. What is the remainder when 130 is divided by g*(3 + -2 + 18)?
16
Let g = -11 - -16. Let l(m) = 27*m**2 + 5*m + 37. Let z be l(-7). Suppose -52*o = -z - 651. Calculate the remainder when o is divided by g.
3
Let n = 53 - 158. Let v = n + 195. Suppose -3*y = -6*y + v. Calculate the remainder when 58 is divided by y.
28
Calculate the remainder when -1*-1*(-5)/2*-30 is divided by 35.
5
Let j(c) = 6*c**2 + 7*c. Let a be j(-5). Suppose 90 = b - 3*w, a - 25 = b + 4*w. What is the remainder when b is divided by 12?
6
Let z(s) = s - 2. Let l(a) = 2*a**2 + 9*a - 3. Let h(m) = 2*l(m) + 2*z(m). Calculate the remainder when 179 is divided by h(-7).
41
Let l = 3605 + -3481. Calculate the remainder when 476 is divided by l.
104
What is the remainder when 3822/12*208/28 is divided by 30?
26
Suppose 0*w + 48 = 2*w. Suppose -3762 = 98*z - 11798. What is the remainder when z is divided by w?
10
Suppose -14*u - 96 = -1398. What is the remainder when 197 is divided by u?
11
Suppose -4*s + 3*s = v, 2*v + 21 = 5*s. Calculate the remainder when -362*(3/(-9))/(1/s) is divided by 61.
57
Suppose 4*f + 134*p = 136*p + 218, 162 = 3*f - 2*p. What is the remainder when 1020 is divided by f?
12
Let c(j) = 7*j - 9. Let a be 26/195 - (566/(-30) + 2). Let g = -15 + a. What is the remainder when c(g) is divided by 4?
1
Let g(j) be the third derivative of 7*j**5/60 + j**4/12 - 2*j**3/3 + 68*j**2. What is the remainder when g(-4) is divided by (68/(-6))/((-1)/3)?
32
Let t = -2067 - -2280. What is the remainder when t is divided by 21?
3
Let o be (-4)/18 + 141/27. Suppose 7 = o*f - 18. What is the remainder when 48/9*